2, 101
Let f(j) = j**2 - 6*j + 10. Let z be f(8). Let m = 16 + -11. Suppose -111 = -m*x - z. List the prime factors of x.
17
Let c = -1 - -11. Suppose c*s - 849 - 51 = 0. List the prime factors of s.
2, 3, 5
Let h(d) = -12*d**2 - 4*d - 2. Let q be h(-1). List the prime factors of (-1366)/q - ((-6)/(-15))/(-1).
137
Let u be (-6)/21 - 48/(-21). Let q(v) = 19*v**2 - 2*v - 2. List the prime factors of q(u).
2, 5, 7
Let f be (-34)/4 + (-4)/8. Let a(u) be the third derivative of u**6/120 + 3*u**5/20 - u**4/24 - 5*u**3/6 + 50*u**2. List the prime factors of a(f).
2
Let y(a) = 12*a + 424. List the prime factors of y(0).
2, 53
Let x = -894 - -2100. List the prime factors of x.
2, 3, 67
Suppose -2*o = -409 + 117. What are the prime factors of o?
2, 73
Let i(g) = 2*g**2 - 2*g + 7. Let x be i(3). Suppose 17*q + 176 = x*q. List the prime factors of q.
2, 11
Let q = -8 + 18. Suppose -4*f + q*f = 480. List the prime factors of f.
2, 5
Suppose 0 = -q - 2*q + 120. Suppose -4*w + 4*b = -q, -2*b + 0*b = -w + 14. Suppose 0 = -11*c + w*c + 15. What are the prime factors of c?
3
Let r(c) = c**2. Let y be r(0). Suppose 0 = m - 8 - y. Suppose 0 = 2*q - 28 + m. List the prime factors of q.
2, 5
Let b be 4*1/4*0. Suppose b = 2*k - 28 - 30. Suppose 4*w = 3*u - 23 - k, -5*w = -3*u + 50. List the prime factors of u.
2, 5
Let f = 675 - 417. Let d = f - 166. Suppose 137 = 3*a + 6*x - 2*x, 3*a = 5*x + d. What are the prime factors of a?
3, 13
Let o(j) = -j**3 - 39*j**2 + 31*j - 180. List the prime factors of o(-42).
2, 3, 5, 127
Suppose 16*o = 2820 + 16236. What are the prime factors of o?
3, 397
Suppose w - 2*w = 0. Suppose w = t + 3*t. Suppose 3*q + 3*j = 21 + 27, t = -4*q + 3*j + 71. List the prime factors of q.
17
Let q(y) = -15*y**3 - 3*y**2 - 14*y - 9. What are the prime factors of q(-3)?
3, 137
Let f = -179 + 42. Let r = -166 + 80. Let k = r - f. List the prime factors of k.
3, 17
Suppose 4*f - 4*m = 6552, -2*m + 2191 = 4*f - 4361. Suppose -14*n + f = -n. What are the prime factors of n?
2, 3, 7
Let b be (-20)/(-2) + 0/(-2). Let n = b - 6. Suppose -o + n*o = 156. What are the prime factors of o?
2, 13
Suppose 0 = -21*t + 23*t - 966. List the prime factors of t.
3, 7, 23
Suppose -11 = -3*j + 19. Suppose -5*d = 5*c, -4*c + 3*d = 2*d - j. Suppose -c*w + 6 = w. List the prime factors of w.
2
Let m = 107 - 119. Let w = -501 + 36. List the prime factors of w/(-10) + m/8.
3, 5
Let a = 3472 + 1461. What are the prime factors of a?
4933
Let r(a) = -803*a + 3. Let u be r(-1). Suppose -4*p - 4*l = -2*l - u, 3*p + 4*l = 602. List the prime factors of p.
2, 101
Let q = 9 + -2. Suppose -5 = -4*o + q. Suppose -12 = -3*s, -3*u - 4*s + 22 = -o*s. What are the prime factors of u?
2, 3
Suppose 14*b - 2*b = 26580. List the prime factors of b.
5, 443
Suppose -5*p - a - 21 = 0, 4*p - 5*a + 11 = -0*p. Let w(t) = -30*t - 6. List the prime factors of w(p).
2, 3, 19
Suppose -4*h - 4*n + 6642 = -3142, -5*n + 15 = 0. What are the prime factors of h?
7, 349
Let d(p) = 13*p**2 + 3*p + 1. Let y be d(-1). Suppose -171 + 1018 = y*b. List the prime factors of b.
7, 11
Suppose -428 - 1812 = -4*j. List the prime factors of j.
2, 5, 7
What are the prime factors of (-6 + -1 - 2)/((-60)/36180)?
3, 67
Suppose a - 3*r - 2826 = 0, 3*a + 83*r - 8434 = 81*r. What are the prime factors of a?
2, 3, 7, 67
What are the prime factors of 0 + (-393)/(-3) + (-33)/33?
2, 5, 13
Suppose -5*y = -3*a + 12, 9*a - 4*a = 5*y + 20. Let b(k) = -k**3 - k**2 + 3*k + 297. What are the prime factors of b(y)?
3, 11
Let c = -11 + 11. Suppose 5*g - 124 - 86 = c. List the prime factors of g.
2, 3, 7
Let i = 27 - 35. What are the prime factors of (-1053)/(-24) + (-1)/i?
2, 11
Let z(b) = -41*b + 11. Let r(m) = -62*m + 16. Let d(j) = 5*r(j) - 7*z(j). What are the prime factors of d(-2)?
7
Let v = 340 + 1511. What are the prime factors of v?
3, 617
Suppose -2*u = -0 - 4. Suppose -5*x + 228 = -u*x. What are the prime factors of x?
2, 19
Suppose 22 - 6 = 2*c. Let l = -16 + c. Let z = 14 + l. List the prime factors of z.
2, 3
Let j(b) = -b**2 + 3*b - 31. Let s be j(-7). Let r = 174 + s. List the prime factors of r.
73
Let z be -6*(-3)/81 - (-2)/(-9). Suppose 5*a - 66 - 64 = z. What are the prime factors of a?
2, 13
Suppose 2*v + 4*q + 434 = 2790, 5895 = 5*v + 5*q. List the prime factors of v.
2, 5, 59
Let t be -8 - -5 - (-42)/2. Suppose 82 = -4*b + t. Let z = 42 + b. List the prime factors of z.
2, 13
Let s(o) = o**3 - 6*o**2 - 8*o + 10. Let f be s(7). Let v be (f - -7) + -1 + 3. Suppose 2*k - 22 = v. What are the prime factors of k?
17
Let g be ((-202)/(-2))/(1/(-2)). Let u be 1/(-4) + g/(-8). List the prime factors of (-1)/5 + 605/u.
2, 3
Suppose -31 = -c - 3*r + 8*r, 154 = 4*c - 5*r. Let g = c - 16. What are the prime factors of g?
5
Suppose -15 = y - 150. What are the prime factors of ((3 - y/2) + 1)*-4?
2, 127
Let g = -44 - -84. List the prime factors of g.
2, 5
Let j be (1 - 0)*(-15 - -2). Let a = j + 15. What are the prime factors of -2*(a - 38/4)?
3, 5
Let n(l) = 46 - l**3 - 8*l + l**2 - 10*l - 8*l + 28*l. What are the prime factors of n(0)?
2, 23
Let d(r) = -r**2 - 10*r - 7. Let s be d(-9). Let n(y) = -s*y**2 + 4*y**2 - y**2 - 4*y. List the prime factors of n(6).
2, 3
Let m = -1 + 5. Suppose m*f - 2 = 18. Suppose 0 = -4*y - 5*d + 107, -f*y = -d - 0*d - 141. What are the prime factors of y?
2, 7
Suppose 3*k - 5 = -4*r, 3*r - 5 = 3*k + 4. List the prime factors of k - (-3 + 6 - 96).
2, 23
Suppose -4*h + 258 + 834 = 0. What are the prime factors of h?
3, 7, 13
Let d(m) = -m**2 - 8*m - 8. Let j be (-1)/7 + 205/(-35). Let s be d(j). Suppose -3*u - 4*i + 34 + 1 = 0, -u = -s*i - 17. What are the prime factors of u?
13
Suppose 3*t + 2*t + 106 = i, 0 = -2*i + 3*t + 240. Let s = i - -5. Suppose 4*l + 4*d = 124, 5*l - 12 = -2*d + s. What are the prime factors of l?
3
Suppose 8*s = 2*s + 96. Suppose 2*d - 2*r + s - 184 = 0, -6 = 3*r. What are the prime factors of d?
2, 41
Suppose 0 = -4*c + 11 + 5. What are the prime factors of 1161/6 - 1 - 6/c?
191
Let a(f) = f**2 + 2*f - 8. Let h be a(-5). Let k = h + -4. Suppose 5*y + w - 265 = -14, -k*w - 12 = 0. What are the prime factors of y?
3, 17
Let k = 65 + -43. Suppose 3*c = 4*p - k, -5*c + 0*p = -p + 14. What are the prime factors of 36/c*4/(-8)?
3
Let c = -26 + 37. Let n(x) = 18 + x + 1 + c. What are the prime factors of n(0)?
2, 3, 5
Let n = 1561 - -103. What are the prime factors of n?
2, 13
Let l = -24 - -26. Suppose v = -0*v + 3*p + 25, -72 = -l*v - 5*p. List the prime factors of v.
31
Let r = 404 + -78. List the prime factors of r.
2, 163
Let p(k) = 2*k**2 + 1 + 34*k - 1 - 63*k. What are the prime factors of p(15)?
3, 5
Suppose 0*j + 1160 = 5*j. Suppose 6*p = 2*p + j. List the prime factors of p.
2, 29
Suppose 0 = -311*z + 299*z + 28668. What are the prime factors of z?
2389
Suppose -8*x + 46 = 14. What are the prime factors of x?
2
Let n(a) = a + 8. Let o be n(-4). Suppose 5*h - 3*h = o. List the prime factors of (1/h)/((-6)/(-252)).
3, 7
Let k(g) = 2*g**2 + 2*g + 13. Let h(f) = -2*f + 1. Let z be h(-2). What are the prime factors of k(z)?
73
Let q(h) = 4*h + 272. What are the prime factors of q(-35)?
2, 3, 11
Let a(j) be the second derivative of -11*j**3 - 2*j**2 - 26*j. List the prime factors of a(-1).
2, 31
Let i(c) = -5*c. Let h be i(-1). Suppose a = 5 - 7, h*o + 2*a - 1086 = 0. What are the prime factors of o?
2, 109
Suppose 0 = -n + c + 888, 3*n + 6*c - 3*c = 2634. List the prime factors of n.
883
Suppose 2855 = 2*d - 2223. List the prime factors of d.
2539
Suppose p - 283 = -5*h + 3*p, 174 = 3*h + 3*p. What are the prime factors of h?
3, 19
Let r = 27 + -35. Let f = -27 - r. Let s = f - -26. What are the prime factors of s?
7
Let f(n) = -27*n - 65. Let b(p) = 9*p + 22. Let g(l) = -17*b(l) - 6*f(l). List the prime factors of g(9).
97
Let b be (-2)/(2*4/(-224)). Let o = b + 49. List the prime factors of o.
3, 5, 7
Let g be (-198)/5 + 4/(-10). List the prime factors of -25*2/(g/36).
3, 5
Suppose f + 18*x + 10 = 14*x, -4*f + 2 = 2*x. List the prime factors of 271 - (f - (-4)/(-4)).
2, 3, 5
Let u be ((-2975)/68)/((-2)/(16/2)). Let x = -92 + u. List the prime factors of x.
83
Let n(l) = 15*l**2 - 20*l - 55. List the prime factors of n(-9).
2, 5, 67
Let s = 415 + -292. Suppose 567 = 10*a 